97350 and 251350?
550
What is the highest common divisor of 139600 and 265100?
100
What is the highest common factor of 13593051 and 72?
9
Calculate the highest common divisor of 17050422 and 76296.
1734
What is the greatest common divisor of 1316 and 3599260?
1316
What is the greatest common divisor of 4448 and 63839086?
278
Calculate the greatest common factor of 35330 and 10935.
5
What is the greatest common divisor of 1122 and 50353932?
102
Calculate the greatest common divisor of 14062254 and 4137.
591
Calculate the greatest common factor of 13 and 1279328843.
13
What is the highest common divisor of 63190 and 2350490?
890
What is the greatest common factor of 9191 and 29239399?
707
Calculate the highest common divisor of 982881 and 56079.
27
What is the greatest common divisor of 7938 and 1973601?
63
What is the greatest common factor of 60752 and 160700431?
3797
What is the highest common factor of 83121213 and 336?
21
What is the greatest common factor of 3363766 and 6398?
14
What is the greatest common factor of 20 and 12652?
4
What is the greatest common factor of 123156480 and 640?
640
What is the greatest common factor of 1160395 and 160?
5
What is the highest common divisor of 654381 and 46053?
1071
What is the greatest common divisor of 9991927 and 397683?
1133
Calculate the greatest common divisor of 54007 and 63918.
53
Calculate the highest common divisor of 2108196 and 81.
9
What is the greatest common divisor of 180894 and 570353?
413
What is the greatest common factor of 405230870 and 51?
17
What is the highest common divisor of 122 and 132877398?
122
Calculate the greatest common divisor of 81200997 and 558.
279
What is the greatest common factor of 50937564 and 1284?
1284
What is the greatest common divisor of 115 and 328893399?
23
Calculate the highest common factor of 295970440 and 30.
10
What is the greatest common divisor of 1656 and 526404?
12
Calculate the greatest common factor of 805464 and 11946.
66
Calculate the greatest common divisor of 127924930 and 50.
10
What is the highest common divisor of 290500 and 1877750?
1750
Calculate the greatest common divisor of 3209680 and 104.
8
What is the highest common divisor of 2381324 and 25476?
44
What is the greatest common divisor of 1776984 and 792?
264
What is the greatest common factor of 60616 and 8504?
8
What is the highest common factor of 11755830 and 135?
15
Calculate the highest common factor of 40577313 and 138.
69
What is the highest common factor of 1023293 and 3887?
23
What is the highest common factor of 1362703 and 15806?
1129
Calculate the highest common divisor of 1004 and 127588.
4
Calculate the highest common divisor of 1323 and 18262741.
49
Calculate the highest common factor of 1923418 and 2072.
14
Calculate the greatest common divisor of 32 and 134605720.
8
Calculate the greatest common factor of 65040 and 14856.
24
What is the highest common divisor of 63 and 247553?
1
Calculate the greatest common divisor of 32 and 40335592.
8
What is the highest common divisor of 7784 and 734762?
14
Calculate the greatest common divisor of 20464 and 16672.
16
Calculate the greatest common divisor of 17084271 and 725253.
4803
Calculate the highest common divisor of 1015937 and 2431.
221
Calculate the highest common divisor of 52487 and 13943.
73
What is the highest common divisor of 15147730 and 45344?
2834
Calculate the highest common divisor of 44807125 and 50.
25
What is the greatest common divisor of 34161126 and 57171?
969
Calculate the highest common divisor of 168 and 18775288.
56
What is the highest common divisor of 11634 and 31962?
42
What is the greatest common factor of 4606 and 112957074?
94
Calculate the greatest common divisor of 11200 and 35665.
35
Calculate the greatest common factor of 614952958 and 1946.
278
What is the greatest common factor of 215920 and 1070?
10
What is the highest common divisor of 387498 and 510?
102
What is the greatest common divisor of 7920 and 219285?
495
What is the greatest common factor of 2198 and 2071244?
14
What is the greatest common divisor of 692627404 and 112?
28
What is the highest common factor of 15 and 1200020475?
15
What is the greatest common factor of 8082190 and 356289?
1051
What is the greatest common factor of 333336 and 190920?
1032
What is the greatest common divisor of 219852 and 468162?
558
What is the greatest common divisor of 272880 and 18432?
144
Calculate the greatest common factor of 679888 and 61776.
176
What is the highest common divisor of 432 and 198901683?
27
Calculate the greatest common divisor of 2700545 and 345.
115
Calculate the greatest common factor of 34663 and 4828.
17
What is the highest common factor of 5304 and 60218964?
2652
Calculate the highest common divisor of 5700 and 287716164.
228
Calculate the greatest common factor of 4867664 and 48.
16
What is the highest common factor of 8226285 and 315?
15
Calculate the greatest common divisor of 222 and 4521659.
37
What is the highest common factor of 2089482 and 8?
2
Calculate the greatest common divisor of 145200 and 30300.
300
Calculate the highest common factor of 8422209 and 3915.
261
Calculate the greatest common divisor of 8440702 and 6.
2
What is the greatest common divisor of 205 and 193726640?
205
What is the highest common divisor of 1064280 and 742?
14
What is the highest common divisor of 9458647 and 77?
11
What is the highest common divisor of 17884045 and 25?
5
Calculate the highest common divisor of 932613 and 74635.
649
Calculate the greatest common divisor of 6726886 and 14.
2
What is the greatest common divisor of 275 and 892300?
25
What is the greatest common factor of 97725633 and 13434?
6717
What is the greatest common divisor of 315 and 5084310?
105
Calculate the highest common divisor of 6962 and 3612098.
118
Calculate the greatest common divisor of 720 and 84803520.
240
What is the highest common factor of 1790 and 81022560?
1790
What is the greatest common divisor of 21346232 and 688?
344
What is the greatest common factor of 275 and 3147870?
55
Calculate the greatest common divisor of 3764271 and 2149.
7
Calculate the greatest common divisor of 2925 and 1869192.
117
What is the highest common divisor of 42 and 609980364?
42
Calculate the greatest common factor of 1158966 and 13518.
18
What is the greatest common divisor of 747 and 4979253?
249
What is the greatest common divisor of 252876 and 841299?
4863
What is the highest common factor of 160 and 614604880?
80
Calculate the highest common divisor of 34329270 and 6984.
582
What is the highest common divisor of 1755 and 558360?
135
Calculate the greatest common factor of 26793673 and 3127.
53
Calculate the greatest common divisor of 3770 and 289240055.
1885
What is the highest common factor of 3464 and 95680876?
1732
Calculate the greatest common divisor of 30 and 368006270.
10
Calculate the highest common factor of 128232 and 7218.
18
What is the greatest common divisor of 741514 and 31936?
998
What is the greatest common factor of 783339 and 775?
31
Calculate the greatest common divisor of 142 and 59821973.
71
What is the highest common divisor of 2206645 and 3702835?
4705
What is the highest common divisor of 57 and 303951?
3
What is the highest common factor of 95515441 and 3836?
959
What is the highest common factor of 56 and 207866736?
56
What is the greatest common divisor of 374 and 2843641?
17
Calculate the greatest common divisor of 1284 and 1475268.
12
What is the greatest common divisor of 686698417 and 1709?
1709
What is the highest common divisor of 5218 and 301263839?
2609
What is the highest common factor of 16704 and 4185768?
24
What is the highest common divisor of 1315631 and 121079?
353
What is the greatest common factor of 10319870 and 230?
230
What is the greatest common divisor of 28 and 1582562380?
28
What is the greatest common factor of 32752 and 1759224?
184
Calculate the greatest common divisor of 130345 and 7503295.
995
Calculate the greatest common divisor of 173375688 and 64.
8
Calculate the greatest common divisor of 72 and 361254888.
72
Calculate the highest common factor of 29808 and 353648.
368
Calculate the greatest common divisor of 66 and 138705556.
22
What is the highest common factor of 15093 and 13284?
